t of o?
4
Suppose 0 = -179*r - 1017339 + 3124527. What is the ten thousands digit of r?
1
Let w(g) = g**3 - 4*g**2 + 85*g + 7. What is the units digit of w(23)?
3
Suppose -6 = -2*f - f, -f - 1358 = -5*o. Suppose 3*b = 3*m - 2*m - o, 3*m = b + 856. What is the units digit of m?
7
Let z = 9920 + 15592. What is the units digit of z?
2
Let u(i) = -4*i + 23. Let y(n) = 8*n - 44. Let x(p) = -5*u(p) - 2*y(p). Let v be x(5). Let h(z) = -z**2 - 5*z + 18. What is the units digit of h(v)?
4
Suppose -4*s - 7 = -o, 5*o - 3*s - 16 - 2 = 0. Let h be ((-15)/o - -3) + -117. What is the units digit of -5*(-1 + h/5)?
4
Let h(b) = 7*b**2 - 24*b + 3. Let t be h(3). What is the hundreds digit of (-63472)/(-56) - t/(-14)?
1
Suppose -6 = -6*s + 3*s. Let i(a) = 3*a**3 + 2*a + 77 - 83 + a - 5*a**s + a. What is the hundreds digit of i(4)?
1
Let i = 605 - 500. Let q = -39 + -22. Let z = q + i. What is the tens digit of z?
4
Let a(i) = 353*i**2 - 88*i + 26. What is the units digit of a(5)?
1
Let i = -4747 - -50551. What is the tens digit of i?
0
Let t(q) = -948*q**3 + 4*q**2 - q - 5. Let i(k) = -3793*k**3 + 15*k**2 - 4*k - 22. Let b(w) = -2*i(w) + 9*t(w). What is the hundreds digit of b(-1)?
9
Let q(y) = 127 - 115*y**2 + 232*y**2 - y**3 + 30 - 118*y**2. What is the units digit of q(0)?
7
Let c = -10 - -12. Suppose -5*q = -3*d - q + 14, -c*q - 2 = d. Suppose -239 = -2*p - 5*i, -p = -d*p + 4*i + 139. What is the tens digit of p?
2
Suppose 19 - 4 = -3*i. Suppose -2*f - 3*u + 37 = 0, -5*u + 20 - 5 = f. What is the units digit of 87/12 + i/f?
7
Let c = 227 + -225. Suppose 0 = -5*a - 12*u + 7*u + 1265, -a - c*u + 250 = 0. What is the hundreds digit of a?
2
What is the hundreds digit of ((-6745 - 6)/1)/(-1)?
7
What is the hundreds digit of (-16)/20 + 5066604/180?
1
What is the tens digit of (-1)/((-87754)/1221892 - 2/(-28))?
6
Let x = -26 + 28. Suppose x*f + 2*f - 3*m = -24, 3*m = -5*f - 57. Let y(r) = r**3 + 8*r**2 - 10*r + 5. What is the units digit of y(f)?
4
Let i(l) = 0*l - l + 4 + 13 - 4. Let w be i(18). What is the units digit of (-686)/w + 2/(-10)?
7
Let u be (-30)/(-9) - (-12)/18. Suppose 43 = -u*l + 67. What is the hundreds digit of l/51 + (-17241)/(-119)?
1
Suppose 6*t + 11*t - 68 = 0. Suppose -t*q + 5*r - 93 = -1443, 0 = q + 5*r - 350. What is the units digit of q?
0
Let i be 18/(-7) - (-8)/14. Let p be (5 + 1)/(2*i/(-528)). Suppose -13*k + 339 = -p. What is the tens digit of k?
8
Suppose 29*k = 91989 + 155300 + 29777. What is the tens digit of k?
5
Let q be (-6)/(-15) - (-40)/25. Suppose q*f + 3*l - 63 = 0, -4*f + 14*l - 18*l + 124 = 0. What is the tens digit of f?
3
Suppose 0 = 2*y + y + 4*n - 22, 20 = 5*n. Let x be (-1)/y*(3 - 3). Suppose 7*a - 427 - 287 = x. What is the units digit of a?
2
Let m = -272 - -277. What is the tens digit of 34822/115 + 6/m?
0
What is the tens digit of (-4)/14 + (-739101)/(-21) + 144/(-48)?
9
Let b = 43 - 39. Suppose 6*s - 16 = -4. Suppose 2*o - 35 = -s*i - i, b*i - 16 = 5*o. What is the units digit of i?
9
Let u be (-4)/(-3) + (-4)/(-6). Let b be (-51)/(-357) + 2386/7. Suppose -2*s + b = 5*y - 2*y, u*y - 218 = s. What is the units digit of y?
1
Let b be (13/(-39))/((-1)/12). Suppose -4*k - 2*t = b, -t - 5 = -k - 3. Suppose 2*l - 6*a - 43 = -a, k = 4*l - 5*a - 61. What is the units digit of l?
9
Suppose -2*h - 225 = 2*m + 21, -3*m - 365 = 2*h. What is the units digit of -4 + (m/(-3))/(12/216)?
0
Suppose 2*f + f = 2*r - 24, 0 = -5*f. Suppose 0 = -15*s + r*s + 249. What is the tens digit of s?
8
Let i be (-134)/(-4)*(-8 - 0). Let o = 470 + i. What is the hundreds digit of o?
2
Let o(j) = -9684*j - 2731. What is the units digit of o(-2)?
7
Let d(q) = -q**3 - q**2 - 2*q + 5. Suppose -6*y - 15 = m - y, m - 3*y = 9. Let g be d(m). Suppose -g*z - 2*z + 546 = 0. What is the tens digit of z?
7
Suppose 21*c - 3178 - 18850 = 13105. What is the hundreds digit of c?
6
Suppose 0 = -22*n + 16*n + 8352. Suppose n = 4*l + 3*a, -2*l - 1717 = -7*l + 2*a. What is the hundreds digit of l?
3
Let b(h) = -2*h**2 - 15*h + 27. Let l be b(-9). Suppose 3*t - 217 = 2*m, l*m - 2*t - 112 = m. Let s = m + 203. What is the tens digit of s?
9
Let n(r) = 636*r**2 + 2*r + 4. Let c be n(-2). Suppose -c = 4*v - 10*v. What is the tens digit of v?
2
Suppose -7*c - 77000 = -11*c. Suppose 0 = -28*w + c + 11606. What is the thousands digit of w?
1
Let c = 46635 - 24240. What is the units digit of c?
5
Let l(i) = -i + 7. Let s be l(5). Let k = s - -2. Suppose -k*d + 2*d = 4*n - 48, d = 5*n + 3. What is the tens digit of d?
1
Suppose -2*j + 36 + 29 = 3*n, 5*n + 3*j = 110. Let c(u) = -5*u**3 - n - 23 + 50 + 7*u. What is the units digit of c(-3)?
6
Suppose 4*z - 9*z = -2*p - 21441, -4301 = -z + 2*p. What is the tens digit of z?
8
Let w(p) = -4*p**3 + 6*p**2 + 4*p + 14. Suppose 0 = l + 3*y + 19, -4 - 14 = 2*l + 2*y. What is the tens digit of w(l)?
5
Let q be (202/(-3))/((5/(-126))/5). Suppose -28*g + q + 15176 = 0. What is the hundreds digit of g?
8
Let z(s) be the first derivative of s**2/2 + 2*s + 11. Let x be z(-4). What is the units digit of 588/8 + (-1)/x?
4
Let o = 1882 + -1879. Let m(v) = 2 + 2 - 1 + 43*v - 1. What is the tens digit of m(o)?
3
Let x = -49 + 46. Let n(h) = 6*h + 4. Let u(o) = o. Let y(f) = x*u(f) + n(f). What is the units digit of y(10)?
4
Let p(r) = -13*r**3 + 7*r**2 + 10*r**3 - 4 + 4*r**3. Let y be p(-3). What is the tens digit of -9*(0 - y/12)?
2
Suppose 2 = 2*c, x - c - 3*c = -20. Let a be (2 - x/(-12))/((-4)/(-30)). Suppose -a*s + 170 = -0*s. What is the tens digit of s?
3
Let c = 58321 - 30798. What is the thousands digit of c?
7
Let c(a) be the first derivative of -a**4 + a**3/3 + 3*a**2/2 - 4*a - 1. Suppose 5*r - 9*r = 12. What is the hundreds digit of c(r)?
1
Let d(w) = 13*w**2 + 28*w + 339. What is the units digit of d(21)?
0
Let v be (-1156)/(-10) + (-7 - 148/(-20)). Suppose -44*t + 45*t = v. Suppose 0 = s - 20 - t. What is the units digit of s?
6
Let x(n) = -161*n**2 - 162*n**2 + 1 + 546*n**2. Let r be x(-1). Suppose 938 = 7*b + r. What is the hundreds digit of b?
1
Let y = -984 + 1905. What is the hundreds digit of y?
9
Suppose -10356 = 93*d - 96*d. Let a = d + -1804. What is the thousands digit of a?
1
Suppose -5*d - 5*r + 2709 = -1796, -5*d - 4*r = -4499. What is the hundreds digit of d?
8
Let x = -39119 - -55420. What is the tens digit of x?
0
Let b = 1766 - -2810. What is the hundreds digit of b?
5
Suppose 0 = -34*b + 166 + 106. What is the hundreds digit of -5*(-1)/((b/(-262))/(-4))?
6
Let r(x) = -x + 12. Let t be r(7). Let c(d) = d**2 - 8*d + 14. Let q be c(t). What is the units digit of ((-176)/64)/(q/16)?
4
Let x be 10/(-1)*(2 + 1). Let a = x - -31. What is the units digit of (1 + a)/2*39?
9
Suppose 1948 = 79*w - 75*w. Let u = -132 + w. What is the hundreds digit of u?
3
Let c be (-2 + -1)*(-2)/3. Let d(a) = 3*a**2 + 42*a - 282. Let y be d(-19). Suppose -y*p + c*p = -35. What is the units digit of p?
5
Let d = -104753 + 159954. What is the units digit of d?
1
Let o = -13810 - -25520. What is the units digit of o?
0
Let m be (10/(-15)*-1)/(2/3759). Suppose -3*u - 2782 = m. What is the tens digit of (5 + u)/(-5) + 0?
6
Let h(g) = 522*g - 70 - 252*g - 217*g. What is the tens digit of h(9)?
0
Suppose -5*w + 16 = -2*n + 45, 3*w = n - 17. Suppose n*u - 327 = 149. What is the units digit of u?
8
Let t = 7 - 61. Let x = 186 + t. What is the units digit of x?
2
What is the tens digit of 5225/10*2592/240?
4
What is the thousands digit of 6/4*4/12*4966?
2
Let i be (1 - (-8)/(-16))*-12. What is the tens digit of -1 - -859 - (i - -1)?
6
Suppose 3*i - 3*n - 489 = 0, 2*i + 314 = 4*i + 2*n. What is the units digit of (i - 1)*6/18?
3
Let b(z) = 22*z + 5 - 56 - 16 - 14. What is the tens digit of b(28)?
3
Let c = 18233 - 2188. What is the thousands digit of c?
6
Suppose 64 + 104 = 24*d. Let o(s) = 14*s - 48. What is the units digit of o(d)?
0
Suppose -3*h + 3*o + 10 - 1 = 0, -h + 3 = 4*o. Suppose 0 = i + b - 4, 0 = h*i - i - 2*b + 8. Suppose -16*c + 12*c + 140 = i. What is the tens digit of c?
3
Suppose -652 = -5*a + 108. Suppose a = w + q, 12 = -0*q - 4*q. What is the units digit of w?
5
Let q(s) = 42*s - 87. Let b be q(-22). Let h = 331 - b. What is the tens digit of h?
4
Suppose -46*p - 201700 = -96*p. What is the units digit of p?
4
What is the hund